{"id":9385,"date":"2026-03-17T17:11:14","date_gmt":"2026-03-17T16:11:14","guid":{"rendered":"https:\/\/cockersandco.com\/?post_type=product&#038;p=9385"},"modified":"2026-09-04T14:43:24","modified_gmt":"2026-09-04T12:43:24","slug":"patch-personalizzata-per-pettorina-con-silhouette-cocker-spaniel-e-nome","status":"publish","type":"product","link":"https:\/\/cockersandco.com\/fr\/prodotto\/patch-personalizzata-per-pettorina-con-silhouette-cocker-spaniel-e-nome\/","title":{"rendered":"\u00c9cusson de harnais personnalis\u00e9 avec silhouette de Cocker Spaniel et nom"},"content":{"rendered":"<p>Personnalisez le harnais de votre chien avec un \u00e9cusson brod\u00e9 repr\u00e9sentant <strong>la silhouette d'un Cocker Spaniel et son nom.<\/strong>.<\/p>\n<p>Avec un design \u00e9pur\u00e9 et essentiel, il est con\u00e7u pour ceux qui aiment les cockers spaniels et souhaitent ajouter une touche distinctive aux accessoires de leur chien.<\/p>\n<p>Vous pouvez choisir la couleur de la silhouette pour qu'elle corresponde au pelage de votre cocker spaniel et rendre l'\u00e9cusson encore plus personnel.<\/p>\n<p>L'\u00e9cusson mesure 15 x 4 cm et poss\u00e8de un support Velcro, ce qui facilite son application et son retrait des harnais et accessoires compatibles.<\/p>\n<p>Un petit d\u00e9tail, simple mais sp\u00e9cial.<br \/>\nParfait pour ceux qui sortent des sentiers battus.<\/p>\n<p>Pour toute question ou demande particuli\u00e8re, n'h\u00e9sitez pas \u00e0 nous contacter \u2013 nous serons ravis de vous aider !<\/p>","protected":false},"excerpt":{"rendered":"<p>\u00c9cusson personnalis\u00e9 avec la silhouette d'un Cocker Spaniel et le nom de votre chien, id\u00e9al pour les harnais \u00e0 velcro.<\/p>\n<ul>\n<li>Personnalis\u00e9 avec le nom<\/li>\n<li>Silhouette de Cocker Spaniel (couleur personnalisable)<\/li>\n<li>Dimensions : 15 \u00d7 4 cm<\/li>\n<li>Dos velcro, facile \u00e0 appliquer<\/li>\n<\/ul>","protected":false},"featured_media":9394,"template":"","meta":[],"product_brand":[],"product_cat":[733,521],"product_tag":[],"class_list":["post-9385","product","type-product","status-publish","has-post-thumbnail","product_cat-primavera-estate-2026","product_cat-patch-per-pettorina","first","instock","shipping-taxable","purchasable","product-type-simple"],"_links":{"self":[{"href":"https:\/\/cockersandco.com\/fr\/wp-json\/wp\/v2\/product\/9385","targetHints":{"allow":["GET"]}}],"collection":[{"href":"https:\/\/cockersandco.com\/fr\/wp-json\/wp\/v2\/product"}],"about":[{"href":"https:\/\/cockersandco.com\/fr\/wp-json\/wp\/v2\/types\/product"}],"wp:featuredmedia":[{"embeddable":true,"href":"https:\/\/cockersandco.com\/fr\/wp-json\/wp\/v2\/media\/9394"}],"wp:attachment":[{"href":"https:\/\/cockersandco.com\/fr\/wp-json\/wp\/v2\/media?parent=9385"}],"wp:term":[{"taxonomy":"product_brand","embeddable":true,"href":"https:\/\/cockersandco.com\/fr\/wp-json\/wp\/v2\/product_brand?post=9385"},{"taxonomy":"product_cat","embeddable":true,"href":"https:\/\/cockersandco.com\/fr\/wp-json\/wp\/v2\/product_cat?post=9385"},{"taxonomy":"product_tag","embeddable":true,"href":"https:\/\/cockersandco.com\/fr\/wp-json\/wp\/v2\/product_tag?post=9385"}],"curies":[{"name":"wp","href":"https:\/\/api.w.org\/{rel}","templated":true}]}}

Écusson de harnais personnalisé avec silhouette de Cocker Spaniel et nom

<p>Personnalisez le harnais de votre chien avec un écusson brodé représentant <strong>la silhouette d'un Cocker Spaniel et son nom.</strong>.</p>
<p>Avec un design épuré et essentiel, il est conçu pour ceux qui aiment les cockers spaniels et souhaitent ajouter une touche distinctive aux accessoires de leur chien.</p>
<p>Vous pouvez choisir la couleur de la silhouette pour qu'elle corresponde au pelage de votre cocker spaniel et rendre l'écusson encore plus personnel.</p>
<p>L'écusson mesure 15 x 4 cm et possède un support Velcro, ce qui facilite son application et son retrait des harnais et accessoires compatibles.</p>
<p>Un petit détail, simple mais spécial.<br />
Parfait pour ceux qui sortent des sentiers battus.</p>
<p>Pour toute question ou demande particulière, n'hésitez pas à nous contacter – nous serons ravis de vous aider !</p>

<p>Écusson personnalisé avec la silhouette d'un Cocker Spaniel et le nom de votre chien, idéal pour les harnais à velcro.</p>
<ul>
<li>Personnalisé avec le nom</li>
<li>Silhouette de Cocker Spaniel (couleur personnalisable)</li>
<li>Dimensions : 15 × 4 cm</li>
<li>Dos velcro, facile à appliquer</li>
</ul>
